s -7327 - 10543?
-17871
In base 16, what is 16b - -1637?
17a2
In base 16, what is -10651f + -122?
-106641
In base 4, what is -330 - -1112333310?
1112332320
In base 7, what is 2344132643 + 1?
2344132644
In base 7, what is -1251566 + -3?
-1251602
In base 15, what is 23d7 + -459e?
-21b7
In base 11, what is -432 - 162194?
-162616
In base 9, what is 1 + -14341628?
-14341627
In base 2, what is -100001111110010000010010 + -11?
-100001111110010000010101
In base 4, what is 2 + 313223313200?
313223313202
In base 15, what is -3aea - -b8c5?
7cca
In base 8, what is 11 + 122204134?
122204145
In base 9, what is 4877 + -56383?
-51405
In base 15, what is -6e71da + -11?
-6e71eb
In base 10, what is -11 + -222395?
-222406
In base 8, what is -111454620 - -1?
-111454617
In base 15, what is 1803d + 2d?
1806b
In base 9, what is -3 - 36041830?
-36041833
In base 13, what is 392 + 21a760?
21ab22
In base 3, what is -121010111211 + 11?
-121010111200
In base 10, what is 162233 + -53?
162180
In base 11, what is 6896 - -247?
7032
In base 12, what is 0 - 23b457?
-23b457
In base 13, what is 10954c9 - -4?
1095500
In base 12, what is 371027 - -42?
371069
In base 5, what is -111 + -2430130410?
-2430131021
In base 2, what is 1011100001101001 + -10001001100?
1011010000011101
In base 7, what is 1 - 623000?
-622666
In base 9, what is -26183 + -5721?
-33014
In base 10, what is -3110046 + 171?
-3109875
In base 15, what is -2e + 8b0c4?
8b095
In base 5, what is -22034010431 + -12?
-22034010443
In base 9, what is 487 + -803051?
-802453
In base 11, what is -826a91 + 4?
-826a88
In base 6, what is -5350312 + 55?
-5350213
In base 3, what is -1012220122 - -112112?
-1012101010
In base 2, what is -1010 - 111011000101010100?
-111011000101011110
In base 16, what is -444 - -1e8b?
1a47
In base 2, what is -11 + 11000001110110001000010?
11000001110110000111111
In base 12, what is 5 - 403a4866?
-403a4861
In base 11, what is -21308 + -245?
-21552
In base 14, what is -149d9 - -255?
-14784
In base 5, what is -2 - 1443330112?
-1443330114
In base 15, what is -3ca - 5a7ec?
-5abc7
In base 11, what is -20 - 9770426?
-9770446
In base 6, what is 121 + 401131?
401252
In base 4, what is -3131302000 - 2121?
-3131310121
In base 5, what is -34430 + -121300?
-211230
In base 9, what is 4 - 2772434?
-2772430
In base 15, what is 4510708 + -3?
4510705
In base 12, what is -21 + 1175a77?
1175a56
In base 6, what is 152 - 42055?
-41503
In base 9, what is -4138465 - 7?
-4138473
In base 6, what is -41514 + -30212?
-112130
In base 2, what is -111100010011111010 + -1010?
-111100010100000100
In base 5, what is 2120032 + -231414?
1333113
In base 11, what is 17a5 + 543?
2238
In base 9, what is 22 - 1568722?
-1568700
In base 4, what is -10312 - 100203321?
-100220233
In base 3, what is -1000201111120 - -20211?
-1000201020202
In base 10, what is 108707 + 498?
109205
In base 11, what is -40 + 1209a?
1205a
In base 3, what is -10002102221 - 10212?
-10002120210
In base 11, what is 2 + -179a5a8?
-179a5a6
In base 10, what is 11695 + 38628?
50323
In base 8, what is 33 + -73463620?
-73463565
In base 11, what is -631 - -2609?
1a88
In base 15, what is 22e + 1c03?
1e32
In base 10, what is -6604448 + -17?
-6604465
In base 9, what is 7275 + -3875?
3300
In base 6, what is -1 + -23351114?
-23351115
In base 11, what is 7 - 67070?
-67064
In base 10, what is -256330408 - -1?
-256330407
In base 12, what is -5950571 + 4?
-5950569
In base 6, what is 4105 - 2301102?
-2252553
In base 3, what is -102 - 120202200021221?
-120202200022100
In base 11, what is -280 - -673478?
6731a8
In base 11, what is -3 - -906865?
906862
In base 16, what is 109981 - -d?
10998e
In base 5, what is -4024323 - -2204?
-4022114
In base 4, what is -1 + 210203030002?
210203030001
In base 15, what is -743 + -286b4?
-28e07
In base 2, what is -110100000101010110101 - 0?
-110100000101010110101
In base 7, what is -5303 - 3510224?
-3515530
In base 15, what is d723 + 4e?
d772
In base 8, what is 30125121 + 117?
30125240
In base 10, what is 3 - -8791335?
8791338
In base 3, what is 111110 + -1012211?
-201101
In base 5, what is 13211312233 + -11?
13211312222
In base 11, what is -3 + aa6702?
aa66aa
In base 3, what is -200001 - 10121200121?
-10122100122
In base 10, what is -508485 - 1044?
-509529
In base 10, what is 679176 + 117?
679293
In base 10, what is 223 + -237157?
-236934
In base 6, what is -1154315 + -4323?
-1203042
In base 9, what is 105144453 - -13?
105144466
In base 4, what is 3332130100 + 0?
3332130100
In base 11, what is 17280534 + -5?
1728052a
In base 10, what is 2179 + 26?
2205
In base 13, what is 1114c - -b14?
11c63
In base 3, what is -1122102000020 + 200201?
-1122101022112
In base 12, what is -4047 - 2419?
-6464
In base 9, what is 7707110 - -34?
7707144
In base 3, what is 122 + -20220201001202?
-20220201001010
In base 16, what is -24 - -168df38?
168df14
In base 2, what is -1100110100001 - -101110110?
-1100000101011
In base 14, what is -26a3bc3 + 5?
-26a3bbc
In base 2, what is 101000110000011010001 - 1100?
101000110000011000101
In base 2, what is -11011000 - 101100110011000?
-101101001110000
In base 14, what is 1d1705c - -3?
1d17061
In base 13, what is 519 - -61a9?
66c5
In base 15, what is 5 + -c021150?
-c02114a
In base 8, what is -250514760 + -3?
-250514763
In base 5, what is -124 + -1344410?
-1400034
In base 8, what is -55723 - -465?
-55236
In base 16, what is 1 - -bdd550?
bdd551
In base 8, what is -341650323 + 14?
-341650307
In base 15, what is 191bdb2 - 1e?
191bd93
In base 3, what is 122020211001 + 2102?
122020220110
In base 14, what is 63b3770 - -3?
63b3773
In base 3, what is -1112 - 2012212101?
-2012220220
In base 14, what is -6a937a - 1?
-6a937b
In base 8, what is -25 + -212324657?
-212324704
In base 4, what is 10 - -1131321211?
1131321221
In base 9, what is 7432256 + 5?
7432262
In base 12, what is -1 - -1356b88?
1356b87
In base 6, what is 310442 - -2304?
313150
In base 14, what is 7 - 11d9d9?
-11d9d2
In base 2, what is 10011 - -1111111001101011100?
1111111001101101111
In base 6, what is -101250243 - 0?
-101250243
In base 3, what is -1220011102 - -101220212?
-1111020120
In base 8, what is 1135465 + 42?
1135527
In base 7, what is 5305304 + 352?
5305656
In base 15, what is b310b2c + 5?
b310b32
In base 12, what is 117 - 87635?
-8751a
In base 4, what is 12030000 + -12030?
12011310
In base 12, what is 3a72 + -25?
3a49
In base 16, what is 239bfc8 + -6?
239bfc2
In base 4, what is -2211 - 30000123023?
-30000131300
In base 14, what is -20a928a - -3?
-20a9287
In base 8, what is -5611237273 + 1?
-5611237272
In base 9, what is 1651 - 62831?
-61170
In base 3, what is -100200021101 - -2100?
-100200012001
In base 16, what is 1cf + bfa?
dc9
In base 12, what is -aa3 + 45b0?
3709
In base 3, what is -1112111220100000 + 12?
-1112111220022211
In base 15, what is 1c36 - -113?
1d49
In base 13, what is -4 + -59378155?
-59378159
In base 5, what is -344214440 - 1232?
-344221222
In base 7, what is -15 + -26246200?
-26246215
In base 13, what is -15 + a8487?
a8472
In base 5, what is 430 - -413420403?
413421333
In base 15, what is a1d21e - 28?
a1d1e6
In base 9, what is -10 - -204524754?
204524744
In base 6, what is 42405435505 + 4?
42405435513
In base 2, what is -1101000 + 10111001100010?
10110111111010
In base 5, what is 434200 + -11403?
422242
In base 4, what is 2 - -20010031103220?
20010031103222
In base 4, what is -3122 + 1330003?
1320221
In base 16, what is -3 + -117eec?
-117eef
In base 2, what is 10000101 + -110011100100011100011?
-110011100100001011110
In base 8, what is 1 - -34221467?
34221470
In base 3, what is -221020 + -12121010?
-20112100
In base 10, what is -59 + 9995299?
9995240
In base 13, what is aa99 + -300a?
7a8c
In base 3, what is -1022111 - -1001120211?
1000021100
In base 13, what is -1b2c4 - -c?
-1b2b5
In base 12, what is a3603 + 271?
a3874
In base 14, what is 3a3b0c + -2?
3a3b0a
In base 15, what is 6a32 + -24c?
67d5
In base 16, what is -4 - 27134?
-27138
In base 2, what is 110 - -1000110100110110000010?
1000110100110110001000
In base 11, what is 3aa - -102329?
102728
In base 12, what is -6ba + -33254?
-33952
In base 3, what is 2022021022011 + -10?
2022021022001
In base 16, what is -5cd + 1623e?
15c71
In base 9, what is 338687 - -220?
340017
In base 12, what is -423297a1 + -1?
-42